-3) + 4).
-3
What is -5 + -6 + 6 - (1 + -2)?
-4
What is -4 + (5 - 3) + 3?
1
-10 + 9 + 1 + -4
-4
Calculate 1 - (-1 - ((1 - -3) + -6)).
0
What is 1 + 4 + (3 - (1 - -3))?
4
Evaluate 0 + -3 + (0 - 2).
-5
-3 - (-9 - (-1 - (5 + -3)))
3
Evaluate (-7 - -2) + 4 - 3.
-4
Calculate -6 - (-1 + 2) - -7.
0
What is the value of -1 + -5 + (1 + -2 - -3)?
-4
Calculate 4 - ((1 - -2) + -3).
4
Calculate 14 - (5 - (-5 - -5)).
9
What is the value of -7 + 2 - (5 + -7)?
-3
What is 7 - ((-4 - -1) + 5)?
5
Evaluate -1 - (46 - 38 - (2 - -4)).
-3
Calculate (7 - 11) + -10 + 5.
-9
Evaluate 10 + 1 - (14 + -6).
3
What is the value of -2 - (19 + -18 + (1 - 2))?
-2
(1 - (3 - 2)) + 5
5
Evaluate 1 + -2 - (8 - 5).
-4
Calculate 1 - (-1 + 3 + -3 + 6).
-4
Calculate -4 - (3 + -13 + 1).
5
What is the value of 17 - (-2 + 2 + 9)?
8
4 + (-4 - (-1 - -11)) - -4
-6
What is the value of 22 + -20 - (1 - 1)?
2
12 + 3 + 5 + (-20 - -4)
4
4 - (2 - -6 - (2 - 2))
-4
What is the value of -6 - -4 - (-6 + 0 + 3)?
1
What is the value of 13 + -5 - 5 - 5?
-2
What is the value of (3 - 1) + -10 + 4?
-4
Calculate (-1 - 4) + -3 + -7 + 10.
-5
7 + (2 - 0) + 0 + -2
7
Evaluate (-19 - (-18 + 11)) + 6.
-6
Calculate -2 - (7 + (1 - 0) + -4).
-6
What is the value of 0 + 2 + 0 + (6 - 4)?
4
What is the value of 2 - (-2 - (4 - (-4 - -8)))?
4
What is 0 + -13 + -4 + 14?
-3
What is the value of 1 - -2 - 4 - (-13 - -21)?
-9
-3 + -4 + (-3 - (-10 + 3))
-3
(-9 - 1) + 10 - (1 + -4)
3
-7 - -5 - -6 - (1 + 7)
-4
What is the value of -2 + (-20 - -10 - -11)?
-1
What is 21 + -10 - (-3 + 0) - 4?
10
What is 7 + -8 + (2 - 0) - 4?
-3
Evaluate -3 - 0 - (5 - (4 - 1)).
-5
What is the value of 7 + (0 - 2) + 45 + -55?
-5
What is the value of 2 + (-11 + 6 - 2)?
-5
What is -8 - (8 - 22 - -1)?
5
What is the value of 7 - 0 - (11 + 3)?
-7
2 + 3 - (2 + 4)
-1
Calculate -7 + 0 + -1 + 10.
2
Evaluate 0 - (0 - (-4 + (-3 - -7))).
0
Calculate -1 + -4 + 0 - (-1 - 0).
-4
What is the value of 7 + 0 + 25 + -23?
9
Evaluate (9 - 2) + (-11 - (4 - 12)).
4
Calculate 1 + -1 - (7 - 3 - 3).
-1
4 - 5 - (4 - 7)
2
-1 - ((2 - (7 + -2)) + -3)
5
(8 - 9) + (-3 - -2) + -2
-4
What is (2 - 4) + 4 - (-1 - 1)?
4
4 + -1 - (3 + -12 - -7)
5
-19 + 28 + -1 + -1 + -1
6
What is (0 - (4 - 9)) + -7?
-2
What is the value of (-24 - -25) + (1 - 14) - -5?
-7
What is (-3 - 12) + -1 + 8?
-8
3 - (4 + 3 + -5)
1
Evaluate 3 + 0 + -6 + 8.
5
Calculate 1 + -2 + 0 + 2.
1
Calculate 0 - (-3 - 3 - -2).
4
Evaluate 0 + 0 + -3 + (7 - 1).
3
What is 1 - (5 - 3) - (4 - 1)?
-4
Calculate -3 + 10 + 1 + -10.
-2
Calculate (6 - 1) + -1 + 5 + -5.
4
(4 - (7 - 0)) + 3
0
1 - -2 - (18 - 20)
5
Calculate 3 + -7 + 1 + -2.
-5
What is 1 + (-9 - (-2 - (0 + 0)))?
-6
Calculate (-4 - (2 + -5)) + 1.
0
Evaluate -12 + 4 + (2 - -3).
-3
Evaluate 5 + (-1 + -6 - (-3 + -7)).
8
What is -1 - (7 + -11 - 3)?
6
1 + -3 + -4 + (4 - -6)
4
What is -1 + -2 + (7 - (3 + 2))?
-1
What is (-2 - (-5 + -2)) + 1 + -1?
5
What is the value of (4 - (2 + -1)) + (-9 - -9)?
3
-4 + 3 + (-1 - 6) - -3
-5
Calculate 0 + 7 + (4 - 6).
5
What is the value of (-1 - -3) + 29 + -27?
4
Evaluate 26 + -29 - ((1 - 1) + 0).
-3
What is the value of -9 + (-5 - -2) + 4?
-8
What is the value of 6 + (-6 + -5 + 7 - -4)?
6
What is the value of -1 - (6 + -4) - -1?
-2
What is -11 - (2 + -2 + (-2 - 5))?
-4
What is (2 - -1) + -9 + 4?
-2
Calculate -7 - 1 - (20 - 24).
-4
What is 2 + -1 + -5 + -17 + 21?
0
Calculate -19 + 14 + 0 + 1 + 2.
-2
Evaluate -3 - ((-1 - 9) + 1 + 2).
4
Evaluate (-2 - -7) + (-15 + 21 - 8).
3
What is (0 - (-13 - -8)) + -12?
-7
Calculate -3 + (-3 - (-3 + -1)).
-2
Calculate 23 + -28 - (-6 - -2).
-1
Calculate 0 + -2 - (-4 - 0).
2
(10 - -1) + (24 - 31)
4
What is 2 - (7 - (6 - 6))?
-5
Evaluate -1 + (-5 - -2 - -1) + 2.
-1
Calculate -11 + 4 + (3 - 1 - 2).
-7
Evaluate 1 - (-7 - -4 - -4) - -2.
2
Evaluate 67 + -79 - (2 - 3).
-11
What is 1 + (1 - -4) - 14?
-8
What is 5 + (6 - 3) + -10?
-2
(-5 - (-5 - 7)) + -8
-1
What is -3 + 0 + 1 + (0 - 3)?
-5
-6 - (1 + -3 + -1)
-3
Calculate -13 + 1 + (5 - 0).
-7
Calculate -4 + 2 + 3 - (2 + -1).
0
What is (7 - (3 + 0)) + -3?
1
-8 - (-7 + 9 + -7)
-3
Calculate 3 + -2 + (3 - 4) + -5.
-5
Evaluate 0 - 4 - (-17 - (-14 + 4)).
3
What is -1 - -3 - (2 - -4)?
-4
(-3 - -7) + -4 + 4
4
What is the value of 8 - 0 - (-38 - -47)?
-1
What is 0 + (0 - 2) + 6?
4
What is -1 + -2 + -1 - -3?
-1
What is the value of 1 - 1 - (8 + -13 - -6)?
-1
What is the value of -3 + 5 + 0 + -5?
-3
What is 0 - (-2 + 2 + 4)?
-4
What is the value of -3 + 1 + 3 + -24 + 24?
1
Calculate 9 + -3 + (1 - 0).
7
Calculate (-2 - -5 - -5) + -12.
-4
Evaluate (-1 - -2) + -5 + 0.
-4
6 - (-1 + 4) - 4
-1
Evaluate 5 + (-13 - ((-9 - -3) + 3)).
-5
What is -4 - (-4 - (-9 + 6)) - 1?
-4
Calculate (1 - 0) + 5 + 4 + -6.
4
(11 - 5) + (-1 - 6)
-1
Calculate 0 + 3 + -3 + 3.
3
Evaluate -2 + (9 - 6) - -7 - 15.
-7
-1 - 3 - (8 - (9 + -3))
-6
What is 6 - -2 - (-3 - -10)?
1
-4 - (-2 + 1 - 2)
-1
Evaluate -3 + 1 + (1 - -10) + -9.
0
(5 - 0) + 17 + -15
7
5 - (4 - 11 - -13)
-1
Evaluate 1 + 0 - (41 - 37).
-3
What is the value of -5 + (0 - -1) - -3?
-1
What is the value of -1 + (11 - 5 - 3)?
2
Evaluate -5 - (1 + -12 + 6 + 9).
-9
What is the value of 10 - (-1 - -5) - 4?
2
What is 1 + -2 - (-3 - 1)?
3
What is the value of -14 - -19 - (2 + -1 - 4)?
8
What is the value of 2 + (-4 - 0 - -1 - 4)?
-5
Calculate 4 - (0 + (9 - 7) - -3).
-1
Calculate 2 - (1 - (-2 - 0 - 0)).
-1
Calculate (-24 - -30) + (0 - 12) - 2.
-8
Calculate 10 + -1 + (-31 - -27).
5
Evaluate -1 + 2 - (8 - 8).
1
Calculate 38 + -35 + 2 + 1.
6
What is the value of -58 + 54 - (-4 - -1)?
-1
Calculate (4 - 1) + -1 + 1.
3
What is the value of 0 - -2 - 5 - (-1 + -3)?
1
-3 - (0 + -7 + 7) - -8
5
Calculate -3 - (6 + -7 + (-3 - 0)).
1
Evaluate -1 - (-7 - (-7 - 0 - -1)).
0
Evaluate 9 + -5 - (5 - (1 + -7)).
-7
(3 - -1) + -9 + (-2 - -7)
0
Evaluate 2 + (3 - (3 + 3 + 0)).
-1
-21 - -33 - (0 + 18)
-6
Calculate 2 + (0 + -4 + -2 - -4).
0
What is 3 + (-8 - (-8 - 8) - 4)?
7
Evaluate 0 - (-3 - (5 + -7)).
1
Evaluate (2 - 2) + 1 + -6 + 2.
-3
What is the value of -2 - 5 - (11 - 14) - -9?
5
Evaluate 1 - (1 + -3 + (-5 - -3)).
5
What is -2 + -4 - (-3 + -2)?
-1
Evaluate (-1 - -3 - 3) + 6 - 8.
-3
Calculate -14 + 8 + 2 - -9.
5
0 - 6 - (-2 - (-3 - -2))
-5
Evaluate -9 + -3 - -6 - -1.
-5
Evaluate 3 + -7 - ((2 - 2) + -3).
-1
What is 4 - (-2 + -3 - -6) - 2?
1
(0 - (6 + -8 - -3)) + -6
-7
Evaluate 41 + -39 - (0 + 1 + 0).
1
What is 0 + (0 - -3 - (4 + 2))?
-3
What is the value of -3 - (2 + (4 - 1 - 4))?
-4
Calculate (7 + -7 - 1) + 1.
0
Evaluate (3 - (-4 - -3)) + -10.
-6
Calculate (-2 - -6) + -1 + (1 - 3).
1
Calculate -2 - -4 - (-2 + 6).
-2
-5 - (-6 - (0 + 4))
5
What is the value of -1 + 14 + (-26 - -15)?
2
Evaluate -9 + (14 - 20 - (-10 - -2)).
-7
-3 + (-4 - -6) + 2 + -7
-6
Evaluate -5 + 2 + 7 + -3 + 0.
1
Evaluate 5 - (-8 - (5 + -11)).
7
What is (1 - -4) + -26 + 18 + -4?
-7
Calculate -7 - (4 + -5 + 3 + -6).
-3
-4 + (1 - 1) - (-4 + 3)
-3
Calculate 2 + (-4 - -4 - -3).
5
(-8 - (-16 + 8) - 2) + 10
8
What is -2 - -1 - (-1 + (-5 - -12))?
-7
Evaluate 42 + -39 - (-1 + -1).
5
Evaluate (-14 + 7 - -5) + 1.
-1
What is -3 + (12 - (-1 + -1 + 5))?
6
What is -1 + -9 + (-16 - -19)?
-7
Evaluate 8 - (-7 + 6 - -2).
7
-7 - (-3 + 0 + 0)
-4
What is the value of (-7 - (5 - 1)) + 6 - -5?
0
What is the value of -1 + (14 - 10 - (-1 - -6))?
-2
Evaluate -8 - ((2 - 6) + 0).
-4
What is 43 - 38 - (-1 - -1)?
5
8 - ((-4 - -1) + (-1 - -9))
3
Evaluate 5 + (8 - 3) + -9.
1
What is 17 + -25 + 8 - (4 - 2)?
-2
Evaluate -11 - (-49 + 38 - (-9 + 1)).
-8
Calculate (-30 - -32) + (0 + -6 - -1).
-3
Calculate -2 + -5 - (-5 - (-4 - -4)).
-2
What is 3 + (23 - 22) + (-3 - 0)?
1
What is the value of (3 - 6) + -2 - (11 - 8)?
-8
What is (13 - 5) + (-5 - -1)?
4
What is the value of -3 - ((7 - 4) + 0 - 3)?
-3
What is the value of 14 - (23 - (-3 - -2))?
-10
What is the value of -4 + (6 - -1) - (7 + 1)?
-5
Evaluate 2 - -12 - (-24 - -32).
6
Calculate 0 - 2 - -5 - (-3 - -8).
-2
What is -3 + -8 + 9 + 3 + -1?
0
What is the value of 6 + (15 - 24) - -7?
4
Evaluate 10 - (10 - (14 - 8)).
6
What is -17 - (-1 - 6 - 5)?
-5
-5 + 0 + 1 - -6
2
What is the value of -5 + 3 + (-3 - -9)?
4
What is -5 - -1 - (-5 - (-6 + -1))?
-6
Evaluate -2 + (-2 - -2 - (2 - 5)).
1
Calculate 6 + (0 - (-6 + -2 + 7)).
7
What is -8 - ((16 - 3) + -26)?
5
What is the value of 8 + (1 - (-2 - (-7 - -1)))?
5
Wh